[INFO] cloning repository https://github.com/koboriakira/headsup-analyzer
[INFO] running `Command { std: "git" "-c" "credential.helper=" "-c" "credential.helper=/workspace/cargo-home/bin/git-credential-null" "clone" "--bare" "https://github.com/koboriakira/headsup-analyzer" "/workspace/cache/git-repos/https%3A%2F%2Fgithub.com%2Fkoboriakira%2Fheadsup-analyzer", kill_on_drop: false }`
[INFO] [stderr] Cloning into bare repository '/workspace/cache/git-repos/https%3A%2F%2Fgithub.com%2Fkoboriakira%2Fheadsup-analyzer'...
[INFO] running `Command { std: "git" "rev-parse" "HEAD", kill_on_drop: false }`
[INFO] [stdout] 7e456a4c488828d6af4f5c376123d32354b0de37
[INFO] building koboriakira/headsup-analyzer against master#881c1ac408d93bb7adaa3a51dabab9266e82eee8 for issue-85264
[INFO] running `Command { std: "git" "clone" "/workspace/cache/git-repos/https%3A%2F%2Fgithub.com%2Fkoboriakira%2Fheadsup-analyzer" "/workspace/builds/worker-5/source", kill_on_drop: false }`
[INFO] [stderr] Cloning into '/workspace/builds/worker-5/source'...
[INFO] [stderr] done.
[INFO] validating manifest of git repo https://github.com/koboriakira/headsup-analyzer on toolchain 881c1ac408d93bb7adaa3a51dabab9266e82eee8
[INFO] running `Command { std: "/workspace/cargo-home/bin/cargo" "+881c1ac408d93bb7adaa3a51dabab9266e82eee8" "metadata" "--manifest-path" "Cargo.toml" "--no-deps", kill_on_drop: false }`
[INFO] started tweaking git repo https://github.com/koboriakira/headsup-analyzer
[INFO] finished tweaking git repo https://github.com/koboriakira/headsup-analyzer
[INFO] tweaked toml for git repo https://github.com/koboriakira/headsup-analyzer written to /workspace/builds/worker-5/source/Cargo.toml
[INFO] crate git repo https://github.com/koboriakira/headsup-analyzer already has a lockfile, it will not be regenerated
[INFO] running `Command { std: "/workspace/cargo-home/bin/cargo" "+881c1ac408d93bb7adaa3a51dabab9266e82eee8" "fetch" "--manifest-path" "Cargo.toml", kill_on_drop: false }`
[INFO] [stderr]  Downloading crates ...
[INFO] [stderr]   Downloaded read_write v0.1.2
[INFO] [stderr]   Downloaded rs_poker v1.0.0
[INFO] [stderr]   Downloaded gen_eval_table v0.1.2
[INFO] [stderr]   Downloaded rust_poker v0.1.14
[INFO] [stderr]   Downloaded fastdivide v0.2.0
[INFO] running `Command { std: "docker" "create" "-v" "/var/lib/crater-agent-workspace/builds/worker-5/target:/opt/rustwide/target:rw,Z" "-v" "/var/lib/crater-agent-workspace/builds/worker-5/source:/opt/rustwide/workdir:ro,Z" "-v" "/var/lib/crater-agent-workspace/cargo-home:/opt/rustwide/cargo-home:ro,Z" "-v" "/var/lib/crater-agent-workspace/rustup-home:/opt/rustwide/rustup-home:ro,Z" "-e" "SOURCE_DIR=/opt/rustwide/workdir" "-e" "CARGO_TARGET_DIR=/opt/rustwide/target" "-e" "CARGO_HOME=/opt/rustwide/cargo-home" "-e" "RUSTUP_HOME=/opt/rustwide/rustup-home" "-w" "/opt/rustwide/workdir" "-m" "1610612736" "--user" "0:0" "--network" "none" "ghcr.io/rust-lang/crates-build-env/linux@sha256:20528e8c29e4536546f0102ce88568b16ea7538393a33fcca951030f7af10457" "/opt/rustwide/cargo-home/bin/cargo" "+881c1ac408d93bb7adaa3a51dabab9266e82eee8" "metadata" "--no-deps" "--format-version=1", kill_on_drop: false }`
[INFO] [stdout] 4cbf88e1db40f4568aefa9da580d8f55b3e62bd4b1b9a9a8004191b19b2560cd
[INFO] [stderr] WARNING: Your kernel does not support swap limit capabilities or the cgroup is not mounted. Memory limited without swap.
[INFO] running `Command { std: "docker" "start" "-a" "4cbf88e1db40f4568aefa9da580d8f55b3e62bd4b1b9a9a8004191b19b2560cd", kill_on_drop: false }`
[INFO] running `Command { std: "docker" "inspect" "4cbf88e1db40f4568aefa9da580d8f55b3e62bd4b1b9a9a8004191b19b2560cd", kill_on_drop: false }`
[INFO] running `Command { std: "docker" "rm" "-f" "4cbf88e1db40f4568aefa9da580d8f55b3e62bd4b1b9a9a8004191b19b2560cd", kill_on_drop: false }`
[INFO] [stdout] 4cbf88e1db40f4568aefa9da580d8f55b3e62bd4b1b9a9a8004191b19b2560cd
[INFO] running `Command { std: "docker" "create" "-v" "/var/lib/crater-agent-workspace/builds/worker-5/target:/opt/rustwide/target:rw,Z" "-v" "/var/lib/crater-agent-workspace/builds/worker-5/source:/opt/rustwide/workdir:ro,Z" "-v" "/var/lib/crater-agent-workspace/cargo-home:/opt/rustwide/cargo-home:ro,Z" "-v" "/var/lib/crater-agent-workspace/rustup-home:/opt/rustwide/rustup-home:ro,Z" "-e" "SOURCE_DIR=/opt/rustwide/workdir" "-e" "CARGO_TARGET_DIR=/opt/rustwide/target" "-e" "CARGO_INCREMENTAL=0" "-e" "RUST_BACKTRACE=full" "-e" "RUSTFLAGS=--cap-lints=forbid" "-e" "CARGO_HOME=/opt/rustwide/cargo-home" "-e" "RUSTUP_HOME=/opt/rustwide/rustup-home" "-w" "/opt/rustwide/workdir" "-m" "1610612736" "--user" "0:0" "--network" "none" "ghcr.io/rust-lang/crates-build-env/linux@sha256:20528e8c29e4536546f0102ce88568b16ea7538393a33fcca951030f7af10457" "/opt/rustwide/cargo-home/bin/cargo" "+881c1ac408d93bb7adaa3a51dabab9266e82eee8" "build" "--frozen" "--message-format=json", kill_on_drop: false }`
[INFO] [stdout] 5dee198d15f6a263f249654a7a66e46399369020412c69f48c3d935afb14c3a6
[INFO] [stderr] WARNING: Your kernel does not support swap limit capabilities or the cgroup is not mounted. Memory limited without swap.
[INFO] running `Command { std: "docker" "start" "-a" "5dee198d15f6a263f249654a7a66e46399369020412c69f48c3d935afb14c3a6", kill_on_drop: false }`
[INFO] [stderr]    Compiling proc-macro2 v1.0.24
[INFO] [stderr]    Compiling libc v0.2.85
[INFO] [stderr]    Compiling unicode-xid v0.2.1
[INFO] [stderr]    Compiling syn v1.0.60
[INFO] [stderr]    Compiling rand_core v0.4.2
[INFO] [stderr]    Compiling autocfg v0.1.7
[INFO] [stderr]    Compiling lazy_static v1.4.0
[INFO] [stderr]    Compiling version_check v0.9.2
[INFO] [stderr]    Compiling cfg-if v0.1.10
[INFO] [stderr]    Compiling cfg-if v1.0.0
[INFO] [stderr]    Compiling serde_derive v1.0.123
[INFO] [stderr]    Compiling read_write v0.1.2
[INFO] [stderr]    Compiling serde v1.0.123
[INFO] [stderr]    Compiling bitflags v1.2.1
[INFO] [stderr]    Compiling unicode-segmentation v1.7.1
[INFO] [stderr]    Compiling anyhow v1.0.38
[INFO] [stderr]    Compiling unicode-width v0.1.8
[INFO] [stderr]    Compiling fastdivide v0.2.0
[INFO] [stderr]    Compiling os_str_bytes v2.4.0
[INFO] [stderr]    Compiling vec_map v0.8.2
[INFO] [stderr]    Compiling strsim v0.10.0
[INFO] [stderr]    Compiling crossbeam-utils v0.7.2
[INFO] [stderr]    Compiling memoffset v0.5.6
[INFO] [stderr]    Compiling crossbeam-epoch v0.8.2
[INFO] [stderr]    Compiling indexmap v1.6.1
[INFO] [stderr]    Compiling itertools v0.10.0
[INFO] [stderr]    Compiling gen_eval_table v0.1.2
[INFO] [stderr]    Compiling textwrap v0.12.1
[INFO] [stderr]    Compiling rand_core v0.3.1
[INFO] [stderr]    Compiling rand_jitter v0.1.4
[INFO] [stderr]    Compiling rand_hc v0.1.0
[INFO] [stderr]    Compiling rand_isaac v0.1.1
[INFO] [stderr]    Compiling rand_xorshift v0.1.1
[INFO] [stderr]    Compiling rust_poker v0.1.14
[INFO] [stderr]    Compiling proc-macro-error-attr v1.0.4
[INFO] [stderr]    Compiling proc-macro-error v1.0.4
[INFO] [stderr]    Compiling heck v0.3.2
[INFO] [stderr]    Compiling rand_pcg v0.1.2
[INFO] [stderr]    Compiling rand_chacha v0.1.1
[INFO] [stderr]    Compiling rand v0.6.5
[INFO] [stderr]    Compiling quote v1.0.8
[INFO] [stderr]    Compiling crossbeam-queue v0.2.3
[INFO] [stderr]    Compiling crossbeam-channel v0.4.4
[INFO] [stderr]    Compiling crossbeam-deque v0.7.3
[INFO] [stderr]    Compiling getrandom v0.1.16
[INFO] [stderr]    Compiling rand_os v0.1.3
[INFO] [stderr]    Compiling atty v0.2.14
[INFO] [stderr]    Compiling rand_core v0.5.1
[INFO] [stderr]    Compiling rand_chacha v0.2.2
[INFO] [stderr]    Compiling rand_pcg v0.2.1
[INFO] [stderr]    Compiling crossbeam v0.7.3
[INFO] [stderr]    Compiling rand v0.7.3
[INFO] [stderr]    Compiling rs_poker v1.0.0
[INFO] [stderr]    Compiling thiserror-impl v1.0.24
[INFO] [stderr]    Compiling clap_derive v3.0.0-beta.2
[INFO] [stderr]    Compiling thiserror v1.0.24
[INFO] [stderr]    Compiling clap v3.0.0-beta.2
[INFO] [stderr]    Compiling serde_json v1.0.61
[INFO] [stderr]    Compiling headsup-analyzer v0.1.0 (/opt/rustwide/workdir)
[INFO] [stdout] warning: unused variable: `s`
[INFO] [stdout]    --> src/cards.rs:136:58
[INFO] [stdout]     |
[INFO] [stdout] 136 |         let flash_draw = self.suits().into_iter().find(|(s, count)| *count == 4);
[INFO] [stdout]     |                                                          ^ help: if this is intentional, prefix it with an underscore: `_s`
[INFO] [stdout]     |
[INFO] [stdout]     = note: `#[warn(unused_variables)]` on by default
[INFO] [stdout] 
[INFO] [stdout] 
[INFO] [stdout] warning: unused variable: `s`
[INFO] [stdout]    --> src/cards.rs:137:67
[INFO] [stdout]     |
[INFO] [stdout] 137 |         let backdoor_flash_draw = self.suits().into_iter().find(|(s, count)| *count == 3);
[INFO] [stdout]     |                                                                   ^ help: if this is intentional, prefix it with an underscore: `_s`
[INFO] [stdout] 
[INFO] [stdout] 
[INFO] [stdout] warning: unused variable: `rest_card_length`
[INFO] [stdout]    --> src/cards.rs:134:36
[INFO] [stdout]     |
[INFO] [stdout] 134 |     fn sub_analyse_drawhand(&self, rest_card_length: usize) -> Vec<DrawHand> {
[INFO] [stdout]     |                                    ^^^^^^^^^^^^^^^^ help: if this is intentional, prefix it with an underscore: `_rest_card_length`
[INFO] [stdout] 
[INFO] [stdout] 
[INFO] [stdout] warning: 3 warnings emitted
[INFO] [stdout] 
[INFO] [stdout] 
[INFO] [stderr]     Finished dev [unoptimized + debuginfo] target(s) in 1m 36s
[INFO] running `Command { std: "docker" "inspect" "5dee198d15f6a263f249654a7a66e46399369020412c69f48c3d935afb14c3a6", kill_on_drop: false }`
[INFO] running `Command { std: "docker" "rm" "-f" "5dee198d15f6a263f249654a7a66e46399369020412c69f48c3d935afb14c3a6", kill_on_drop: false }`
[INFO] [stdout] 5dee198d15f6a263f249654a7a66e46399369020412c69f48c3d935afb14c3a6
[INFO] running `Command { std: "docker" "create" "-v" "/var/lib/crater-agent-workspace/builds/worker-5/target:/opt/rustwide/target:rw,Z" "-v" "/var/lib/crater-agent-workspace/builds/worker-5/source:/opt/rustwide/workdir:ro,Z" "-v" "/var/lib/crater-agent-workspace/cargo-home:/opt/rustwide/cargo-home:ro,Z" "-v" "/var/lib/crater-agent-workspace/rustup-home:/opt/rustwide/rustup-home:ro,Z" "-e" "SOURCE_DIR=/opt/rustwide/workdir" "-e" "CARGO_TARGET_DIR=/opt/rustwide/target" "-e" "CARGO_INCREMENTAL=0" "-e" "RUST_BACKTRACE=full" "-e" "RUSTFLAGS=--cap-lints=forbid" "-e" "CARGO_HOME=/opt/rustwide/cargo-home" "-e" "RUSTUP_HOME=/opt/rustwide/rustup-home" "-w" "/opt/rustwide/workdir" "-m" "1610612736" "--user" "0:0" "--network" "none" "ghcr.io/rust-lang/crates-build-env/linux@sha256:20528e8c29e4536546f0102ce88568b16ea7538393a33fcca951030f7af10457" "/opt/rustwide/cargo-home/bin/cargo" "+881c1ac408d93bb7adaa3a51dabab9266e82eee8" "test" "--frozen" "--no-run" "--message-format=json", kill_on_drop: false }`
[INFO] [stdout] 65bd19a0a159e5c19cac129e1c7a14dd4deeb3b9d8d0cb0794d4c7e6573d8f2d
[INFO] [stderr] WARNING: Your kernel does not support swap limit capabilities or the cgroup is not mounted. Memory limited without swap.
[INFO] running `Command { std: "docker" "start" "-a" "65bd19a0a159e5c19cac129e1c7a14dd4deeb3b9d8d0cb0794d4c7e6573d8f2d", kill_on_drop: false }`
[INFO] [stderr]     Blocking waiting for file lock on package cache
[INFO] [stdout] warning: unused variable: `s`
[INFO] [stdout]    --> src/cards.rs:136:58
[INFO] [stdout]     |
[INFO] [stdout] 136 |         let flash_draw = self.suits().into_iter().find(|(s, count)| *count == 4);
[INFO] [stdout]     |                                                          ^ help: if this is intentional, prefix it with an underscore: `_s`
[INFO] [stdout]     |
[INFO] [stdout]     = note: `#[warn(unused_variables)]` on by default
[INFO] [stdout] 
[INFO] [stdout] 
[INFO] [stdout] warning: unused variable: `s`
[INFO] [stdout]    --> src/cards.rs:137:67
[INFO] [stdout]     |
[INFO] [stdout] 137 |         let backdoor_flash_draw = self.suits().into_iter().find(|(s, count)| *count == 3);
[INFO] [stdout]     |                                                                   ^ help: if this is intentional, prefix it with an underscore: `_s`
[INFO] [stdout] 
[INFO] [stdout] 
[INFO] [stdout] warning: unused variable: `rest_card_length`
[INFO] [stdout]    --> src/cards.rs:134:36
[INFO] [stdout]     |
[INFO] [stdout] 134 |     fn sub_analyse_drawhand(&self, rest_card_length: usize) -> Vec<DrawHand> {
[INFO] [stdout]     |                                    ^^^^^^^^^^^^^^^^ help: if this is intentional, prefix it with an underscore: `_rest_card_length`
[INFO] [stdout] 
[INFO] [stdout] 
[INFO] [stdout] warning: 3 warnings emitted
[INFO] [stdout] 
[INFO] [stdout] 
[INFO] [stderr]    Compiling headsup-analyzer v0.1.0 (/opt/rustwide/workdir)
[INFO] [stdout] warning: unused import: `rust_poker::hand_range::HandRange`
[INFO] [stdout]   --> src/madehand.rs:19:9
[INFO] [stdout]    |
[INFO] [stdout] 19 |     use rust_poker::hand_range::HandRange;
[INFO] [stdout]    |         ^^^^^^^^^^^^^^^^^^^^^^^^^^^^^^^^^
[INFO] [stdout]    |
[INFO] [stdout]    = note: `#[warn(unused_imports)]` on by default
[INFO] [stdout] 
[INFO] [stdout] 
[INFO] [stdout] error[E0308]: mismatched types
[INFO] [stdout]   --> src/madehand.rs:26:32
[INFO] [stdout]    |
[INFO] [stdout] 26 |             MadeHand::HighCard(0, 0, 0, 0, 0),
[INFO] [stdout]    |                                ^ expected enum `rs_poker::core::Value`, found integer
[INFO] [stdout] 
[INFO] [stdout] 
[INFO] [stdout] error[E0308]: mismatched types
[INFO] [stdout]   --> src/madehand.rs:26:35
[INFO] [stdout]    |
[INFO] [stdout] 26 |             MadeHand::HighCard(0, 0, 0, 0, 0),
[INFO] [stdout]    |                                   ^ expected enum `rs_poker::core::Value`, found integer
[INFO] [stdout] 
[INFO] [stdout] 
[INFO] [stdout] error[E0308]: mismatched types
[INFO] [stdout]   --> src/madehand.rs:26:38
[INFO] [stdout]    |
[INFO] [stdout] 26 |             MadeHand::HighCard(0, 0, 0, 0, 0),
[INFO] [stdout]    |                                      ^ expected enum `rs_poker::core::Value`, found integer
[INFO] [stdout] 
[INFO] [stdout] 
[INFO] [stdout] error[E0308]: mismatched types
[INFO] [stdout]   --> src/madehand.rs:26:41
[INFO] [stdout]    |
[INFO] [stdout] 26 |             MadeHand::HighCard(0, 0, 0, 0, 0),
[INFO] [stdout]    |                                         ^ expected enum `rs_poker::core::Value`, found integer
[INFO] [stdout] 
[INFO] [stdout] 
[INFO] [stdout] error[E0308]: mismatched types
[INFO] [stdout]   --> src/madehand.rs:26:44
[INFO] [stdout]    |
[INFO] [stdout] 26 |             MadeHand::HighCard(0, 0, 0, 0, 0),
[INFO] [stdout]    |                                            ^ expected enum `rs_poker::core::Value`, found integer
[INFO] [stdout] 
[INFO] [stdout] 
[INFO] [stdout] error[E0308]: mismatched types
[INFO] [stdout]   --> src/madehand.rs:27:32
[INFO] [stdout]    |
[INFO] [stdout] 27 |             MadeHand::HighCard(0, 0, 0, 0, 0)
[INFO] [stdout]    |                                ^ expected enum `rs_poker::core::Value`, found integer
[INFO] [stdout] 
[INFO] [stdout] 
[INFO] [stdout] error[E0308]: mismatched types
[INFO] [stdout]   --> src/madehand.rs:27:35
[INFO] [stdout]    |
[INFO] [stdout] 27 |             MadeHand::HighCard(0, 0, 0, 0, 0)
[INFO] [stdout]    |                                   ^ expected enum `rs_poker::core::Value`, found integer
[INFO] [stdout] 
[INFO] [stdout] 
[INFO] [stdout] error[E0308]: mismatched types
[INFO] [stdout]   --> src/madehand.rs:27:38
[INFO] [stdout]    |
[INFO] [stdout] 27 |             MadeHand::HighCard(0, 0, 0, 0, 0)
[INFO] [stdout]    |                                      ^ expected enum `rs_poker::core::Value`, found integer
[INFO] [stdout] 
[INFO] [stdout] 
[INFO] [stdout] error[E0308]: mismatched types
[INFO] [stdout]   --> src/madehand.rs:27:41
[INFO] [stdout]    |
[INFO] [stdout] 27 |             MadeHand::HighCard(0, 0, 0, 0, 0)
[INFO] [stdout]    |                                         ^ expected enum `rs_poker::core::Value`, found integer
[INFO] [stdout] 
[INFO] [stdout] 
[INFO] [stdout] error[E0308]: mismatched types
[INFO] [stdout]   --> src/madehand.rs:27:44
[INFO] [stdout]    |
[INFO] [stdout] 27 |             MadeHand::HighCard(0, 0, 0, 0, 0)
[INFO] [stdout]    |                                            ^ expected enum `rs_poker::core::Value`, found integer
[INFO] [stdout] 
[INFO] [stdout] 
[INFO] [stdout] error: aborting due to 10 previous errors; 1 warning emitted
[INFO] [stdout] 
[INFO] [stdout] 
[INFO] [stdout] For more information about this error, try `rustc --explain E0308`.
[INFO] [stdout] 
[INFO] [stderr] error: could not compile `headsup-analyzer`
[INFO] [stderr] 
[INFO] [stderr] To learn more, run the command again with --verbose.
[INFO] running `Command { std: "docker" "inspect" "65bd19a0a159e5c19cac129e1c7a14dd4deeb3b9d8d0cb0794d4c7e6573d8f2d", kill_on_drop: false }`
[INFO] running `Command { std: "docker" "rm" "-f" "65bd19a0a159e5c19cac129e1c7a14dd4deeb3b9d8d0cb0794d4c7e6573d8f2d", kill_on_drop: false }`
[INFO] [stdout] 65bd19a0a159e5c19cac129e1c7a14dd4deeb3b9d8d0cb0794d4c7e6573d8f2d
